 Let t be o(16). Is (-19)/t*(-11 - -553) - 2 composite?
False
Suppose 0 = -14*n + 11*n + 54. Suppose n = -4*q + 10. Let l = 33 - q. Is l prime?
False
Let s = -495130 - -1161609. Is s composite?
True
Let z be (5 - 4) + 2*6. Let k(y) = z*y + 26 - 3 - 58*y. Is k(-8) a composite number?
False
Let d be (-400)/(-128) - 2*3/48. Suppose 38 = -3*x - 49. Is d - (2 - -20)*x a prime number?
True
Let k(u) = 2985*u**2 + 2*u + 9. Is k(4) composite?
False
Suppose -2*y + 2*o = -295652, 0 = -14*y + 12*y - 4*o + 295706. Is y a composite number?
True
Let s be 6/(-21) + (-74)/(-14). Suppose 40 = s*v + 2*c + c, -c + 20 = 3*v. Suppose -3*u + 3801 = v*h - 1595, 4309 = 4*h + 5*u. Is h composite?
True
Let k(z) = -119*z**3 + 6*z**2 + 4*z + 1. Let g = -238 - -234. Is k(g) composite?
True
Let k = -407 + 30410. Let m be -1 + (-36)/(-44) - k/(-33). Is 2 - (-3 + 2)*m a prime number?
True
Let i = 943 + 2474. Suppose -14*w + 5363 = -4381. Suppose 3*u - i = -w. Is u a composite number?
False
Let n = 34 + -47. Let h = n - 8. Is 75 + (6/h - 10/14) a composite number?
True
Is (54227/(-3))/(252/(-756)) a composite number?
True
Let s(w) = -8*w**3 + 10*w**2 - 14*w + 6. Let c be s(-8). Is (-10)/((-20)/c) - -2 a composite number?
True
Is 24/(-52) + 1739003/13 prime?
True
Let s(t) = -t - 12. Let l be s(14). Let v = 25 + l. Is v - 0 - (-3 - 0) composite?
False
Suppose -3*v = 4*v - 7. Let k(p) = 2045*p**3 + 6*p**2 - 5*p + 1. Is k(v) prime?
False
Let t(v) = -440*v - 44. Let c be t(-9). Suppose -5*n + 2503 = 2*w, -c = -5*w + 3*n + 2388. Is w a prime number?
True
Suppose -16 = -11*j + 72. Let o(u) = 5*u**2 - 6*u - 19. Is o(j) a composite number?
True
Let s(g) = g. Let z(j) = -4*j - 2. Let o(h) = -3*s(h) - z(h). Let c be o(2). Suppose -5*b = -2*i + 204, 0 = -i + b + c + 95. Is i prime?
True
Suppose 5*m = v - 11, -4*m + 0*v - 4*v - 28 = 0. Is (3/6)/((-2 - m)/596) a prime number?
False
Is (448/14)/4 + (-5289549)/(-3) composite?
False
Suppose 27*x - 31*x + 12 = 0. Let f = -894 - -7744. Suppose -2*z - 3*z + f = -5*b, b = -x. Is z a prime number?
True
Let f = -619635 - -993826. Is f composite?
True
Suppose -7*d = -329 + 77. Let q = d - -784. Suppose 2*l - q - 3538 = 0. Is l composite?
False
Suppose -v + 8 = -3*a + 14, 0 = -5*v + 15. Suppose 5*g + 0*g - 228325 = -5*t, a*t - 136995 = -5*g. Is t a composite number?
True
Is (-4)/6*36840573/(-66) prime?
False
Let t = 243 + 1024. Let k be (t/14)/(-1*(-2)/(-4)). Let d = 848 + k. Is d a composite number?
True
Suppose -3*k = -13*k + 50. Suppose -k*l = -6*l + 5. Let o(p) = 249*p + 14. Is o(l) a composite number?
False
Suppose -3*o = 4*v - 2801, -4*v - 4*o + 1976 = -824. Let d(i) = -188*i. Let j be d(-2). Let n = j + v. Is n a composite number?
True
Suppose -17*v + 14*v = -3*j - 48, 2*j + 12 = v. Is -2*5/v*-20158 composite?
False
Let t = -55118 - -119239. Suppose -12817 = -r - 3*p, -t = -5*r + 5*p - 2*p. Let l = r - 6054. Is l a composite number?
True
Let a be 2 - 33/15 - (-32192)/10. Let d(u) = 128*u**2 - 14*u - 14. Let q be d(-6). Let g = q - a. Is g a composite number?
False
Suppose -2440 = -46*s + 54*s. Suppose -3*r + 5*r = -6. Is s/(6 + r + -4) composite?
True
Is 4/(-14)*137956182/(-156) composite?
False
Let q = 270268 + -183299. Is q a composite number?
False
Let u(s) = s**3 - 19*s**2 + 18*s + 2. Let m be u(18). Suppose 0 = -5*d + 4*h + 379, m*d - 4*h - 216 = -74. Is d a composite number?
False
Let v(p) be the second derivative of -739*p**3/2 + 16*p**2 - 34*p. Is v(-7) composite?
False
Suppose 6*z - 2*z = -5*z. Suppose z = 2*b + 6*b - 21224. Is b prime?
False
Suppose 3*y = -8098 + 1573. Let c = -1286 - y. Is c a composite number?
True
Suppose 0*o + 2*o = 1502. Suppose -q = w - 250, 0*w - 4*q + o = 3*w. Let y = 170 + w. Is y prime?
True
Let a = 7145 + -10204. Let r = a + 7966. Is r a composite number?
True
Let c be ((-32)/12)/(1/351). Let d = -1045 + 2595. Let h = d + c. Is h a composite number?
True
Suppose -7*f + 68*f = -43*f + 164733608. Is f a composite number?
True
Let u be ((-12)/8)/((-21)/(-42)). Let h = -3 + 2. Is (1750/(-5))/h + u composite?
False
Suppose 14*l = -4*l - 2376. Let y = l - -451. Is y a prime number?
False
Suppose -5*i + 4*a = 2*a + 5, 0 = -5*i - 5*a + 30. Is (-4939)/44*-50 + i/2 a composite number?
True
Let y(r) = 126*r**3 + 4*r**2 + r + 1. Suppose 11 + 4 = 5*j, 2*a = 4*j - 8. Is y(a) a composite number?
True
Suppose -69*f = -66*f - 75. Let s be 10/f - 38/(-5). Suppose 3*l - s*l = -7615. Is l composite?
False
Suppose 2*u + 620 = 4*k, 0 = 3*k + u - 46 - 434. Is k a composite number?
True
Suppose a = 5*r + 6908, a + 3*r = -4*a + 34400. Suppose 3*i = 6*i - 2*n - 5161, -4*i = -n - a. Is i a prime number?
True
Let l(w) be the first derivative of w**2/2 - 4*w - 1. Let z be l(6). Suppose -z*x + 1072 = 2*v, 2020 = 3*v + x + 402. Is v a composite number?
False
Let f = -888021 + 1514042. Is f a composite number?
True
Let j = -112849 + 413066. Is j a composite number?
True
Let o be (-3)/6 + (-5902)/(-4). Suppose -5*i + z = -o, 2*i - 3*z - 885 = -i. Let u = i + -104. Is u a prime number?
True
Let k(s) = 970*s - 693*s + 789*s - 153. Is k(21) composite?
True
Let a be ((-10)/20)/((-1)/196). Let r be a/(-21)*(-8622)/4. Suppose b = -2*b + r. Is b a composite number?
True
Suppose 0 = -10*f + 9*f + 3. Suppose -4*s = -f*w + 5*w - 376, 2*w + 2*s - 366 = 0. Let h = 13 + w. Is h a composite number?
False
Let x be (27/(-6))/(18/48). Let v(q) = q**3 + 14*q**2 + 18*q + 3. Let d be v(x). Let k = 110 - d. Is k composite?
True
Let c be 6/1 + (-3 - 0/(-3)). Suppose -f = 1, -493 = -c*y + 2*f + 5425. Let d = y - -2521. Is d a composite number?
False
Let k(b) be the first derivative of 89*b**4/2 - b**3/3 - 5*b**2 + 16*b + 11. Is k(3) prime?
True
Let k = 375253 + -257876. Is k a composite number?
True
Let p(a) = 930*a + 45. Let i = -46 - -53. Let b be p(i). Suppose 5*u - 4*g = 1996 + b, u - 4*g = 1723. Is u composite?
True
Let t be 2/7 - (-2 + (-830)/35). Suppose 4*i + 10 = t. Suppose 3*o + 2225 = i*p, 2*o + 1667 = 3*p - 2*o. Is p a composite number?
False
Let m(c) = -c**3 + 11*c**2 + 11*c + 17. Let p be m(12). Suppose -540 = -3*a + p*a. Let y = -71 - a. Is y prime?
True
Let i(y) = -10*y + 8 + 23*y + 21*y**2 - 13 - 15*y + 4*y**3 - 9. Is i(11) composite?
False
Let s(l) = 951*l**2 - 1830*l - 178. Is s(59) a composite number?
True
Let s(a) = 276*a - 35. Suppose -3*y = -q - 1, 0 = -4*y - 0 + 4. Let i be 2/(-6*q/(-24)). Is s(i) a prime number?
True
Suppose 45*g - 66*g + 63 = 0. Suppose 12*z + 15 = 9*z, 0 = g*i - 3*z - 10461. Is i a composite number?
True
Suppose -4*b + 20 = -0*b. Suppose -2*s + 5*a + 2 - 1 = 0, -b*a = s + 7. Let q(z) = -768*z + 7. Is q(s) a prime number?
True
Suppose -a + 4*k + 19 = 0, 0*k - 5*k = -3*a + 71. Let c be 9/a + 6670/(-3). Let z = -1346 - c. Is z a prime number?
True
Let w = -165037 + 383804. Is w a composite number?
True
Suppose 2*q = -b + 11, -2*q = -2*b - 8 - 0. Is (-3)/(b - 520/508) a prime number?
True
Let i = 51441 + -18812. Is i a composite number?
True
Let l be 6*(4 + 88 + 3). Let s = -1118 + l. Let a = s + 1121. Is a prime?
False
Let q(j) be the third derivative of -1/2*j**3 + 0 + 1/12*j**5 - 9*j**2 + 1/8*j**4 + 0*j. Is q(7) a composite number?
False
Let z(p) = -6*p - 18. Let r be z(-6). Let u be 81/r*(-1578)/(-9). Let h = 1420 - u. Is h a composite number?
False
Suppose 0 = 2*t - 4, 2*u - 3*t + 5*t + 41678 = 0. Is u/2*19/(57/(-2)) a composite number?
False
Let b = 263996 - 147667. Is b a prime number?
True
Let p(m) = 40225*m**2 - 4*m. Let c be p(1). Let t = -27058 + c. Is t composite?
False
Let s = 2401 - 5731. Let y = 5647 + s. Is y a composite number?
True
Suppose -4*n = -5*d - 844, -n + 1084 = 4*n + d. Suppose n = -0*v + v + c, 3*v + 5*c = 638. Let f = 310 - v. Is f a prime number?
True
Let k(n) = -1219*n + 483099. Is k(0) a prime number?
False
Let h be (-3)/((-6)/763)*(-64)/(-32). Let v = h + 636. Is v a composite number?
False
Suppose -3*u - 2 = 3*f + 4, -14 = 4*f - 2*u. Is 46/69 - 4111/f a prime number?
False
Is (226/16)/((-171)/(-310536)) prime?
False
Let i = -22736 - -63475. Is i composite?
False
Let j be 2/(-8) + (-4 - (-7707)/28). Let k = -117 - j. Is (4/16*7)/((-1)/k) a composite number?
True
Let l = 3429 - 3432. Suppose -4*r = 2*a + 2*a - 12, 2*r = -4*a - 2. Is 977 + (7/(-21) - r/l) a prime number?
False
Is (65918/